. Let g = w + -40. Let j = g - -41. What are the prime factors of j?
11
Suppose 32578 = 7*l + 22384 - 122267. List the prime factors of l.
127, 149
List the prime factors of 27394*(-17 + 105/6).
13697
Suppose -21019*g + 20957*g = -27652. What are the prime factors of g?
2, 223
Let q be ((-2)/4)/(21/(-378)). Suppose 0 = -q*d + 4152 - 1353. List the prime factors of d.
311
Let z = 6461 - 1669. List the prime factors of z.
2, 599
Let o be ((-75)/(-10) - -3)/(9/(-96)). Let j = 1431 + o. What are the prime factors of j?
1319
Suppose 1470 = 5*a - 5*k, 4 = k - 3*k. What are the prime factors of (3 + a - -4) + -5?
2, 3, 7
Suppose 0 = q + q - 1812. Let i be ((-10)/65 + 6300/(-117))*1. List the prime factors of 40/18 + -2 - q/i.
17
Let h(n) = 33*n**3 + 4*n**2 + 219*n - 1296. List the prime factors of h(6).
2, 3, 5
Let g = 16857 - 8136. Suppose -g = -5*h - 22*h. List the prime factors of h.
17, 19
List the prime factors of (-435215)/(-110) - (-10)/(-4).
2, 3, 659
Let j(q) = 21*q**2 - 47*q + 54. List the prime factors of j(-20).
2, 7, 11, 61
Let s be -72*3/(-3) + 16/(-4). Suppose s*n = 76*n - 312. List the prime factors of n.
3, 13
Let o = 658 - 95. What are the prime factors of o?
563
Let v = 21855 + 2628. What are the prime factors of v?
3, 8161
Let i = 7729 + -4144. What are the prime factors of i?
3, 5, 239
Suppose -4*t + 14 = 3*j - 2, 5*t - 4*j = 51. Let b(i) = -i**2 + 5*i + 28. Let c be b(t). What are the prime factors of 484/28 - c/49?
17
Suppose 59*g = 174*g - 1696595. What are the prime factors of g?
14753
Let q(d) = -117*d - 1553. What are the prime factors of q(-60)?
7, 11, 71
Let y = 121 - 51. Let k be ((-19)/(-4) + (-9)/(-12))*y. Let j = -229 + k. List the prime factors of j.
2, 3, 13
Let s = -172 + 170. What are the prime factors of (2 - -86)/(s/(-4) - 0)?
2, 11
Let m = -1512 - -1934. List the prime factors of m.
2, 211
Let k(c) = 7*c + 3*c - 2*c - 4*c - 22. Let m be k(6). List the prime factors of (5/((-50)/12))/(m/(-180)).
2, 3
Suppose -12*c - 31 + 7 = 0. Let i(p) = 216*p**2 - 8*p + 8. List the prime factors of i(c).
2, 3, 37
Suppose 4*l - 3*r - 31463 = 0, -7863 = 438*l - 439*l - 2*r. What are the prime factors of l?
5, 11, 13
Suppose -2*f - 25*v + 17154 = -24*v, -10 = 5*v. List the prime factors of f.
2, 4289
Let s be (235/(-10))/(2/(-4)). Suppose -s*m = -25*m - 30602. List the prime factors of m.
13, 107
Let t(v) = 65*v**2 - 56*v - 59. Let h(k) = -22*k**2 + 19*k + 20. Let q(s) = 11*h(s) + 4*t(s). List the prime factors of q(-5).
509
List the prime factors of -6 + 5688/8 + -3 + 2 + 6.
2, 5, 71
Let y be 337410/120 + 2/8. Suppose -2*r + 1903 = 3*m, -r - y = -4*r + 4*m. List the prime factors of r.
2, 59
Suppose 3*d + 14893 = z, -1456*z + 29751 = -1454*z + d. What are the prime factors of z?
2, 43, 173
Let y be 51/(-2 + (-36)/(-8) - 1). Let d = y - 96. Let f = 138 - d. What are the prime factors of f?
2, 5
What are the prime factors of (-48938 + 20)*(-20)/12?
2, 5, 31, 263
Let c = 7936 - 2015. What are the prime factors of c?
31, 191
Let o = 204 - 200. Let b(a) be the first derivative of a**4/4 + a**3/3 + 5*a**2/2 - 9*a + 1. What are the prime factors of b(o)?
7, 13
Let v = -26 - -28. Let l be v/(-4)*(-21 + -1). Suppose 3*d - l - 19 = 0. List the prime factors of d.
2, 5
List the prime factors of (-40)/25 - 7366758/(-105).
2, 3, 11, 1063
Let l be 3 + 2*3*10/(-4). List the prime factors of l/4 - -238 - 5.
2, 5, 23
Let r = -13057 + 34691. List the prime factors of r.
2, 29, 373
Let f(s) = -21*s - 8. Let z be f(-3). Suppose q = -z + 5. What are the prime factors of (1 - -5)/(q/56 - -1)?
2, 7
Suppose 2*d - w = 915, 8*d = 4*d - 5*w + 1809. Suppose -d = 14*t - 7456. What are the prime factors of t?
2, 5
List the prime factors of 5966 - (-18 + 34 + 5).
5, 29, 41
Let w be 10/(-45)*1 - 1984/(-18). Suppose 0 = 2*a - 718 + w. List the prime factors of a.
2, 19
Let u(r) = 7*r - 9. Let o be u(3). Suppose -27 = -5*m - o. Suppose 5*w + 4*f = 2*w + 302, -m*w = -2*f - 326. What are the prime factors of w?
2, 53
Suppose -121259 = 24*d - 583595. List the prime factors of d.
2, 7, 43
Suppose -2*u + 24 = 5*g, -5*u + 4*g = g - 122. Let w = -31 + u. List the prime factors of ((-534)/18)/(3/w).
89
Suppose 3*b = -3*d + 19567 + 31619, -3*d + 51201 = -2*b. What are the prime factors of d?
5, 3413
Suppose 2*i - 10 = i. Suppose i*m - 3*m = -3*m. Suppose -9*j + 984 + 231 = m. What are the prime factors of j?
3, 5
Suppose 15*p + 1534250 = 309710. What are the prime factors of (-2)/(-21) - p/126?
2, 3
Let b(a) = a**3 + 9*a**2 - 16*a + 16. Let p(k) = -k**3 - 8*k**2 + 17*k - 17. Let u(d) = -3*b(d) - 4*p(d). List the prime factors of u(7).
2, 3, 13
Let d(x) = x**3 - 51*x**2 + 2*x - 79. Let u be d(51). Suppose -14*b + u*b = 477. List the prime factors of b.
53
Let a = -78 - -28. Let f = -47 - a. Suppose -n = -s - f*n + 63, 4*s - n = 225. What are the prime factors of s?
3, 19
Suppose -27*o + 16 = -23*o. Let z be o + -3 + -4 - (-416)/(-2). Let n = z + 415. What are the prime factors of n?
2, 3, 17
Suppose 2*r = -2*d + 8528, -6*r - 4*d = -10*r + 17024. List the prime factors of r.
2, 3, 5, 71
Let u(y) = -y**3 + 7*y**2 + 10*y - 5. Let x be u(8). Suppose -273 = -x*w + 35. What are the prime factors of 2/(-2) - w/(-2)?
13
Let k be (-74 - 0)*18/4. Let i be (-20)/40*(k - 1). Suppose 0 = 5*a + 2*d - i, -6*d - 183 = -5*a - 4*d. List the prime factors of a.
5, 7
Let j(t) = 3*t - 165. Let o be j(59). Suppose 0 = -r + 3*n + 822, 0 = o*r - 9*r + 5*n - 2466. What are the prime factors of r?
2, 3, 137
List the prime factors of (((20/(-2))/1 - -4) + 90)*152.
2, 3, 7, 19
Let j(i) = -i**2 - 34*i - 109. Let h(g) = 5*g**2 + 172*g + 544. Let l(v) = -4*h(v) - 22*j(v). List the prime factors of l(-37).
2, 5, 37
Suppose 42*d - 70870 = 20900 + 63588. What are the prime factors of d?
3, 137
Suppose -4*w + a + 28 = -2*w, 2*w - 36 = 5*a. Suppose -49*l + 37764 = -w*l. List the prime factors of l.
1049
Let w = -13578 - -58645. What are the prime factors of w?
11, 17, 241
Suppose -4*r + 673 = 77. Let u = 89 - r. List the prime factors of ((-42)/10)/((-116)/u - 2).
3, 7
Suppose 7*n - 2*n = 920. Let m = n - 144. List the prime factors of m.
2, 5
Suppose 0 = -5*x - 9*h + 293244, -x - 2*h + 74499 = 15849. What are the prime factors of x?
2, 3, 29, 337
Suppose 4*o + 5*r = 11249, 3*o = -0*o + 4*r + 8398. What are the prime factors of o?
2, 23, 61
Let i = -38 + 48. Suppose y + i = 6*y. Suppose -y*p - 4*r + 466 = 0, 0*p - 2*p + 438 = -3*r. List the prime factors of p.
3, 5
Let k(z) = 1. Let s(a) = -242*a + 25. Let m(v) = k(v) - s(v). List the prime factors of m(7).
2, 5, 167
Suppose 0*o + 5*y - 2570 = -2*o, -4*o = y - 5140. Suppose 1295*n - o*n = 10670. What are the prime factors of n?
11, 97
Suppose 21*u - 1060 = 20*u - 3*i, -16 = -4*i. What are the prime factors of u?
2, 131
Let t(k) = 3*k**2 + 47*k + 23. Suppose -167 = 4*p - 67. List the prime factors of t(p).
3, 241
Let d be (559/172)/(2/2368). Suppose -3*l - 1165 = b - d, 3579 = 4*l + b. What are the prime factors of l?
2, 7
Let j be 3/9*30/25*5. Suppose 5*o - j*a - 9742 = 0, 5*o + 0*a - 5*a - 9730 = 0. Suppose -9*s = 726 - o. List the prime factors of s.
2, 17
Let f(u) = -8 + 2*u + 20 + 11 + 2*u**2 - u**2. Suppose -4*i + 2*v - 34 = 0, 0*i + 4*i + 2*v + 46 = 0. What are the prime factors of f(i)?
103
Let k(c) = c**2 - 26*c - 94. What are the prime factors of k(-68)?
2, 47, 67
Let d be 6/(-10) - 20189/(-65). List the prime factors of (-1 + d/(-6))/(82/(-1353)).
11, 79
Let d(s) = -s**3 + 10*s**2 + 5*s + 9. Suppose 4*i - 11*i = 0. Suppose 15 = -f + 6*f, i = 5*u - f - 47. List the prime factors of d(u).
59
Let y(l) = l**3 + 12*l**2 - 2*l - 4. Let m be (-54)/(-72) + -2 + (-31)/4. List the prime factors of y(m).
257
Let q be ((-612)/(-10))/((-2)/10). Suppose 77*u + 9044 = -4816. Let b = u - q. What are the prime factors of b?
2, 3, 7
Suppose 21*c + 18*c = 25623. Suppose -4*w + c + 709 = 5*g, -4*g + 2*w = -1072. What are the prime factors of g?
2, 3, 5
Let f(o) be the second derivative of -12*o**3 + 3*o**2/2 - 16*o. Let x be f(-1). Let u = 167 - x. What are the prime factors of u?
2, 23
List the prime factors of (114983 + 1)/6 + 1.
5, 3833
Let g be 3/((2 + -1)*(-4)/40). What are the prime factors of 5 + 168/g - (-58891)/35?
2, 29
Suppose -22 = -2*d - 4*p, 0*d + 